by q?
48
Let b = -1 + 10. What is the remainder when 61 is divided by b?
7
Suppose 0 = -8*f + 759 + 1193. Calculate the remainder when f is divided by 13.
10
Let c = 12 + -6. Suppose -c*s + 15 = -3*s. Let o(t) = -t**3 + 6*t**2 - 3*t - 1. What is the remainder when o(5) is divided by s?
4
Suppose -928 = -30*x - 86*x. Let r(l) = 46*l**3 - l. What is the remainder when r(1) is divided by x?
5
Suppose 4*l + 85 - 5 = 0. What is the remainder when (-1)/((-6)/27)*10 is divided by ((-16)/5)/(4/l)?
13
Let t be (-2 + -78)*(-4)/(-9 + 1). Let n = -8 - -54. Calculate the remainder when n is divided by (12/20)/((-2)/t).
10
Let x(c) = 2*c**2 + 16*c + 17. Let s = 8 + -35. Let w = s - -77. Calculate the remainder when w is divided by x(-8).
16
Suppose 67*t = 66*t + 8. Calculate the remainder when 37 is divided by t.
5
Let l(o) = o**2 + 3 + 0*o - o - 2*o. Let g be 4 + -2*(12/(-8) + 1). Calculate the remainder when 24 is divided by l(g).
11
Let v = 58 + -44. What is the remainder when 783 is divided by v?
13
Let j = -61 + 7. Let s = -4 + -30. Let u = s - j. Calculate the remainder when u is divided by 7.
6
Suppose 4*c = -250*y + 254*y - 120, -5*y + 185 = 2*c. Let p(v) = v**3 + 12*v**2 + 8*v + 5. What is the remainder when p(-6) is divided by y?
33
Suppose -6*l - 129 = -3*l. Let y = -32 - l. What is the remainder when 31 is divided by y?
9
Suppose -b = -2*b + 3, 3*v - 5*b = 54. Suppose 0 = -3*s + 38 + 25. Let z = s + -15. Calculate the remainder when v is divided by z.
5
Let n(k) = k**2 - 6*k + 21. Calculate the remainder when 1292 is divided by n(8).
34
Suppose 2*y - 57 = 61. What is the remainder when y is divided by 2340/117 + -5*1?
14
Let m = -1 + 3. Suppose m*n = 3*n + 19. Let c = -4 - n. Calculate the remainder when 41 is divided by c.
11
Let a(k) = -k**2 + 8*k + 6. Let u be a(8). Suppose -u + 36 = p. Calculate the remainder when p is divided by ((-165)/60)/((-9)/4 - -2).
8
Let l(u) = -u**2 + 13*u - 2. Let r be l(7). Let y be -1*(16 - -1) + 2. Let n = y + r. What is the remainder when n is divided by 9?
7
Suppose q + 2*y - 147 = 660, -4*y - 20 = 0. What is the remainder when q is divided by 91?
89
Let z be (-4)/(3/(2 - -1)). Let y be (-3)/6 + (-14)/z. Calculate the remainder when 26 is divided by 27/y - (-4)/(-2).
5
Let z = -43 + 31. Let r = z - -9. Calculate the remainder when 77 is divided by r - (-27 + (3 - -1)).
17
Let z(v) = -14*v + 1. Calculate the remainder when z(-4) is divided by 1/9 - (9 - (-1316)/(-63)).
9
Suppose -122 + 131 = 9*v. Calculate the remainder when v is divided by 1.
0
Let s = -724 + 762. Calculate the remainder when 643 is divided by s.
35
What is the remainder when (-4)/14 - 732/(-14) is divided by 155/(6 + -1) + (-7 - (-4 - 0))?
24
Let q = 32 + -22. Calculate the remainder when ((-1)/4)/(1/(-60)) is divided by q.
5
Suppose 0 = 5*c - 5*g - 320, -5*c + 4*g = 3*g - 300. Calculate the remainder when 144 is divided by c.
26
Let d be -3 - ((-24)/4 + -2). Suppose -d*x + 235 = 65. What is the remainder when x is divided by 164/9 + (-6)/27?
16
Let y = -23 + 49. Let c = 34 + y. Suppose -84 = -4*r + 2*i, -3*r = -5*i + 2*i - c. Calculate the remainder when 65 is divided by r.
21
Let r(a) = -3*a**3 - 5*a**2 - 9*a - 2. What is the remainder when r(-4) is divided by 46?
8
Let q be 8 - 4 - (-8)/(-2). Suppose 5*i - 10 = -q*i. Suppose 0 = -p + t + 48, 0*p - 3*p - i*t = -159. Calculate the remainder when p is divided by 14.
9
Let c be (-5 + (-77)/(-14))*(1 - 11). What is the remainder when 73 is divided by (-282)/(-15) - (21/c - -4)?
16
Suppose -4*c = 5*c - 2862. What is the remainder when c is divided by 11?
10
Suppose 2*o - 20 = -3*i + 159, 53 = i + 4*o. Calculate the remainder when i is divided by 16.
13
Suppose -k = 4*j - 931, -321*k = 5*j - 316*k - 1190. Suppose 4*s - 68 = -c - 14, -5*c + 3*s + 293 = 0. What is the remainder when j is divided by c?
57
Let d(z) = 3*z**2 + 1. Suppose 184 = -4*k - 160. Let l = k - -124. What is the remainder when l is divided by d(-2)?
12
Suppose -6*y - 235 = 4*q - 3*y, -2*y = q + 65. Let f = q + 92. What is the remainder when f is divided by 13?
11
Let l(b) = -b**3 - 3*b**2 - 7. Let c = -66 - -57. Let a = 2 - c. What is the remainder when l(-5) is divided by a?
10
Calculate the remainder when (1 - (0 - 1))*200/10 is divided by 35.
5
Let g be ((-6)/(-9))/(8/36). Suppose g*f - 29 = -4*w, 4*f + 4*w + 23 - 55 = 0. What is the remainder when 6 is divided by f?
0
Let d(s) = -s + 13. Suppose -10 = -2*u + 5*h, 2*u = -2*u + 4*h + 8. Let x = 62 - 38. What is the remainder when x is divided by d(u)?
11
Suppose -2*f = -2*l - l + 52, -3*l + 42 = 3*f. Suppose -6*p + 6 = -4*p. Suppose s + 58 = p*s. Calculate the remainder when s is divided by l.
13
Let q = -26 - -15. Suppose -6*y + 5*y + 14 = -4*v, 0 = 5*y - 2*v - 34. What is the remainder when 6/(-3) - -2 - q is divided by y?
5
Suppose 24 = 4*l + 4*v, -4*l - 5*v + 7 = -20. Calculate the remainder when (-1052)/(-17) + (l - 49/17) is divided by 16.
14
Let y = -7 - -5. Let z(t) = -t**3 + 4*t + 3. Calculate the remainder when 25 is divided by z(y).
1
Let u = -655 - -985. Suppose -9*r = -3*r - u. Suppose 5*n = 3*y + 82, 3*n - 34 = 6*y - 8*y. What is the remainder when r is divided by n?
13
Let o(v) = 49*v**3 - 2*v**2 - 8*v + 7. What is the remainder when 84 is divided by o(1)?
38
Let f be -4 + 8 + -1 + 513. Suppose 40 = 2*v - f. Suppose 5*i - 4*y = v, -4*i + 5*y + 130 = -96. What is the remainder when i is divided by 19?
16
Let f(m) = m**2 + 2*m - 1. Let w be f(0). Let g be 1*(-3 - w - -2). Suppose g = 5*y - 3*y - 44. Calculate the remainder when y is divided by 8.
6
Suppose -7 = -4*p + 133. Suppose 6*f - 1152 = 102. Suppose 7*z + 4*z = f. Calculate the remainder when p is divided by z.
16
Let h be ((-14)/(-5))/((-5)/25). Let q be h/(-2) + (6 - 4). Suppose -4*z + 1 - 7 = -3*o, 0 = -2*o + z + q. Calculate the remainder when 22 is divided by o.
4
Let m be (-6)/(-9)*(-15)/10. Calculate the remainder when 77 is divided by -1*(-16)/(m/(-1)).
13
Suppose -3*k = -k - 14. Suppose k*r - 2*r = 20. What is the remainder when (-6)/r*(-22 - 0) is divided by 12?
9
Let l(w) be the first derivative of -w**3/3 + 11*w**2/2 + 3*w - 22. Let p be 14/(-1 + 3)*1. What is the remainder when l(p) is divided by 16?
15
Suppose 4*c = i + i + 6, 5*c + 2*i + 6 = 0. Suppose -5*z - 5*p = -415, 2*p - 15 + 5 = c. What is the remainder when z is divided by 16?
14
Suppose 0 = -10*n + 5*n. Suppose -z - 4*q + 17 = 0, n*z - 5*z = 2*q - 31. What is the remainder when 38 is divided by z?
3
Suppose 223 - 152 = p. Calculate the remainder when p is divided by 63.
8
Let o = -1172 + 1204. What is the remainder when 272 is divided by o?
16
Let a = -53 + 137. Suppose 3*m + 66 = j + 2*j, -88 = -4*j - m. Calculate the remainder when a is divided by j.
18
Suppose 0 = 3*t + 5*j - 30, t + 2*j - 11 + 0 = 0. Suppose 2 = -t*u + 312. What is the remainder when u is divided by 9?
8
Let q(z) = -32*z - 253. Suppose 6 = 2*r - 8. Calculate the remainder when r is divided by q(-8).
1
Let h(c) = 30*c**2 - 7*c - 8. Calculate the remainder when 403 is divided by h(-1).
26
Suppose -2*f - 293 = -4*n - 5*f, 3*n - 211 = -4*f. Let u(x) = -3*x**2 + 47*x + 24. What is the remainder when n is divided by u(16)?
5
Let m(u) = u**3 - 6*u**2 + 7*u - 7. Let h be m(5). Suppose -64 - 5 = -h*b. Calculate the remainder when 68 is divided by b.
22
Suppose -23 = -2*w + v, 2*v + 0*v = 2. Let t be 0 - 1 - (-4)/(-2). What is the remainder when 14 is divided by (-1 + (-20)/w)*t?
6
Let p(l) = -l**3 + 2*l + 4. Calculate the remainder when p(-3) is divided by 11.
3
Suppose 28 = -4*f + 5*d, 0 = -4*f + 2*d - 16 - 12. Let y = f + 11. Suppose 70 = -y*c + 11*c. Calculate the remainder when 15 is divided by c.
5
Let n(u) = 99*u**3 + u. Let x(t) = 3 + 5*t**2 + t**3 + 3 + 29*t - 28*t. Let v be x(-5). What is the remainder when n(v) is divided by 34?
32
Let y = -276 - -340. Calculate the remainder when y is divided by 7.
1
Suppose 0 = -3*g - 192 + 1164. What is the remainder when g is divided by 65?
64
Let f = -7 + 12. Suppose f*m - 973 = -2*m. What is the remainder when m is divided by 16?
11
Suppose 4*j - 9 = 2*s + 7, -2*j + 8 = -3*s. What is the remainder when (j + -3)*23 + -3 - 3 is divided by 4?
1
Let m(j) = -j**3 - 10*j**2 + 27*j + 46. Calculate the remainder when m(-12) i